j - 120. What is the remainder when 3588 is divided by n?
24
Suppose -35*n - 4*n + 47543 - 10337 = 0. What is the remainder when n is divided by 232?
26
Let r(f) = 46*f - 7. Let k be r(3). Let w = k - 360. Let q = w + 379. What is the remainder when q is divided by 38?
36
Suppose 11*l = 12*l - 25. Suppose 25 - l = -2*c. Suppose -f = -4*q - 3*f + 66, c = -5*q + 3*f + 77. Calculate the remainder when 158 is divided by q.
14
Let d(p) be the third derivative of p**5/30 + p**4/12 - 11*p**3 + 20*p**2 - 2*p. Calculate the remainder when d(11) is divided by 47.
10
What is the remainder when 952 is divided by (-495)/44*(-336)/210?
16
Let p(g) = -4*g**2 - 2*g - 1. Let w be p(3). Suppose 0 = -2*n - 5*y + 181, 3*n - 215 = -2*y + 29. Let a = w + n. What is the remainder when 103 is divided by a?
33
Suppose 0 = 8*c - 334 + 22. Suppose 2*j + 50 = 4*j. What is the remainder when c is divided by j?
14
Suppose -9 = 5*u + 3*f, 0*f = 2*u + 4*f + 12. Suppose 0 = 29*c - 30*c + 11. Suppose u = c*n - 10*n - 17. What is the remainder when n is divided by 7?
3
Let q = 139 + 958. Calculate the remainder when q is divided by 273.
5
Let b(w) = 4*w**2 - 2*w - 17. What is the remainder when b(-15) is divided by 132?
121
Let p(g) = -30*g + 12*g**2 + 8*g + 11*g - 8. What is the remainder when p(-4) is divided by 10?
8
Let b(n) = 11*n + 2*n + 37 - 8 - 192. Calculate the remainder when 479 is divided by b(15).
31
Let b be (0 + 30)*4/(-5). Let m = b + 139. Suppose 0 = 28*n + 145 - 957. Calculate the remainder when m is divided by n.
28
Suppose -23*r = 2*i - 24*r - 261, -i + 4*r + 134 = 0. Suppose 2*t + i = 3*t. What is the remainder when t is divided by 44?
42
Let g = 17 + -1. Suppose 7*l = 552 + 29. Suppose 1082 = 9*o + l. What is the remainder when o is divided by g?
15
Suppose -2064833 = -221*h - 281584. What is the remainder when h is divided by 4034?
1
Suppose 0 = 3068*p - 3073*p + 2945. Calculate the remainder when p is divided by 153.
130
Let d(p) = -302*p + 3913. Suppose -j + 3*u = -5 - 10, -1 = -j - 4*u. What is the remainder when d(11) is divided by j?
6
Let x = -937 - -1608. What is the remainder when x is divided by 16?
15
Let j be 2/3 + (-2)/3 + 2. Let v(q) = 4*q**2 - 7*q**j + 3*q**3 - q**2 + 3*q + 3. What is the remainder when v(3) is divided by 12?
9
Let a(t) = 11*t**3 + t - 2. Suppose 0 = 6*z - 37 + 7. Calculate the remainder when a(z) is divided by 15.
13
Suppose 476*p + 1484 + 303 = 44151. What is the remainder when 630 is divided by p?
7
Suppose -353*b + 332*b = -102291. Calculate the remainder when b is divided by 6.
5
Suppose -a - 3 - 6 = 0. Let x(y) = -y + 13. Suppose 42 = -33*h + 39*h. Calculate the remainder when x(a) is divided by h.
1
Suppose 4*c + 44 = 3*q - 57, -2*q + c = -64. Let j(l) = -8*l. Let f be j(2). Let x = f + q. What is the remainder when x is divided by 2?
1
Suppose 423 = -4*l + 1211. Suppose 235*w + 950 = 254*w. Calculate the remainder when l is divided by w.
47
Let a(t) = t**3 - t + 15. Let b be a(0). Let j = 21 - b. Let x = 470 - 467. Calculate the remainder when j is divided by x.
0
Suppose -15*l + g + 3710 = 0, 5*g + 5 = 4*g. Calculate the remainder when 488 is divided by l.
241
Let n = -298 + 775. Suppose i - 493 = -o, i + 2*o = -3*o + n. Suppose k - 8*k + i = 0. What is the remainder when k is divided by 18?
17
Let c = 20799 + -17870. Calculate the remainder when c is divided by 18.
13
Suppose 20*t = -66*t - 53*t + 49345. Calculate the remainder when 743 is divided by t.
33
Let j = 5387 + -4853. What is the remainder when j is divided by 39?
27
Suppose 35 = l + 21. Let a be ((-2)/4)/(l/(-2856)). Suppose 0 = -0*j + 6*j - a. Calculate the remainder when j is divided by 5.
2
Suppose 5*j + 18 = 4*k, -4*j - 12 = -4*k - 2*j. Suppose -c = -1, k*h - 5*h + 2 = -4*c. Suppose -5*s + 93 = 33. What is the remainder when s is divided by h?
0
Let r = 2801 + -1528. What is the remainder when r is divided by 9?
4
Suppose -2*k = -17*l - 2857, 5*k + 3*l - 6029 - 1250 = 0. Calculate the remainder when k is divided by 67.
47
Suppose -4*y + 34 = 26. Suppose -8*t + 42 = -y*t. Calculate the remainder when 94 is divided by (-7)/(t/(-4))*3.
10
What is the remainder when 375 is divided by (-12 - -11)*-183 - (6 - 5)?
11
What is the remainder when ((-15)/(-20))/(18/(-16))*3720/(-16) is divided by 24?
11
Suppose 0 = 3*l + 3*s - 9, -3 - 4 = -3*l - 4*s. Suppose -4*r + 104 = -2*h, -l*r - 2*h + 8 = -122. Calculate the remainder when 39 is divided by r.
13
Let n = 107 + -101. Calculate the remainder when 53 is divided by n + 70/(4 + 3).
5
Let c(z) = -26*z + 1793. Calculate the remainder when 534 is divided by c(66).
72
Suppose -104*j + 1755 = -91*j. Calculate the remainder when j is divided by -5 + 24 + 16/4.
20
Suppose 0 = -3*f - 3, -69*f + 101758 = 2*q - 67*f. What is the remainder when q is divided by 38?
36
Suppose -9*z - 2453 = 184. Let n = -257 - z. Calculate the remainder when n is divided by 3.
0
Suppose -81173 = -50*x + 5577. What is the remainder when x is divided by 72?
7
Let f(n) = -178*n + 1667. Calculate the remainder when 210 is divided by f(9).
15
Let p(t) = t**2. Let y(w) = -5*w**2 - 30*w - 5. Let s(c) = 3*p(c) + y(c). What is the remainder when s(-13) is divided by 50/3 + 10/(-15)?
15
Let n(v) = v**3 - v**2. Let m(z) = -4*z**3 - 21*z**2 - 27*z - 5. Let i(o) = -m(o) - 5*n(o). Calculate the remainder when 24 is divided by i(27).
4
Suppose -3*n + 2189 + 382 = 0. Calculate the remainder when n is divided by ((-32)/3 - -2*1)*245/((-31360)/576).
38
Let y = 1900 - -653. What is the remainder when y is divided by 7?
5
Suppose 10054 = 261*s - 23876. Calculate the remainder when s is divided by 44.
42
Suppose 3*d - 2522 = 2*k, -k = -93*d + 98*d - 4212. What is the remainder when d is divided by 273?
23
Let p(q) = 242*q - 113. What is the remainder when p(6) is divided by 444?
7
Let u = -176 + 309. Let c(r) = 8*r + 69. Let w be c(-12). What is the remainder when u is divided by w/18*368/(-12)?
41
Let h(x) = x**2 - 10*x + 19. Let g be h(9). Let u be (-411)/27 + 6/27. What is the remainder when 20 is divided by 40/6 + g/u?
2
Suppose 45*f + 17*f = 4*f + 3016. What is the remainder when 200 is divided by f?
44
Let p be ((-2)/(-6))/((-35)/(-7875)). Suppose 3*a + p = 2*i, -i + 56 - 23 = -3*a. What is the remainder when 375 is divided by i?
39
Let n = -162 - -159. What is the remainder when (8 - 9/(-3))/(n/(-66)) is divided by 35?
32
Suppose -2*n - 5*h = -82, 0 = -10*n + 6*n - h + 146. What is the remainder when 2123 is divided by n?
35
Suppose -4*x + 4102 = 2753*l - 2751*l, 0 = -x. Calculate the remainder when l is divided by 411.
407
Suppose 22*p - 17*p + 460 = 0. Let z = -33 - p. Suppose 4*u - z = 121. What is the remainder when 176 is divided by u?
41
Suppose -9*m = -7*m - 3*p + 11, 5*m = p + 5. Suppose -5*h + h - 152 = -m*w, 2*w - 5*h - 153 = 0. What is the remainder when w is divided by 19?
17
Suppose 14*r - 1309 - 3899 = 0. Let i = r - 358. What is the remainder when 14 is divided by i?
0
Suppose 5*c + 3 = -g, g - 6*g + 63 = -c. Let r(m) = 8*m - 33. Calculate the remainder when r(g) is divided by 34.
29
What is the remainder when 384 is divided by 3 - (99/(-11) + -50)?
12
Suppose -4*p = 5*p - 20*p + 275. Let l = -3 + 130. Calculate the remainder when l is divided by p.
2
Let a(s) = 7*s**2 + 61*s + 21. What is the remainder when a(-18) is divided by 80?
71
Suppose 3220 = -203*f + 295*f. What is the remainder when 522 is divided by f?
32
What is the remainder when (-2)/(-5)*(-14 - (-17)/((-442)/(-20969))) is divided by 80?
77
Calculate the remainder when 2125 is divided by ((-316)/316)/(1/(-1055)).
15
Let q = -14 + 14. Suppose q*w = -2*w + 64. Suppose 5*a - 216 = -4*h + 79, -3*a = 5*h - 177. Calculate the remainder when a is divided by w.
27
Suppose 0 = 44*h - 1090 + 78. Let a = -1 - -3. What is the remainder when h is divided by 279/21 + a/(-7)?
10
Let s = -76 + 67. Let w(t) = 11*t + 6. Let d be w(s). Let a = -67 - d. Calculate the remainder when 48 is divided by a.
22
Calculate the remainder when 8/(-4 + 0) + -3 + 1140 + 2 is divided by 11.
4
Calculate the remainder when 670 is divided by ((-256)/704 - 344/22)*70/(-4).
110
Suppose 142*g - 10553 = -58*g + 12647. What is the remainder when g is divided by 18?
8
Let y = 455 - 419. Suppose -a - y + 120 = 0. C